{"id":17963,"date":"2017-06-13T09:07:04","date_gmt":"2017-06-13T09:07:04","guid":{"rendered":"http:\/\/www.aranaarquitectos.es\/?page_id=17963"},"modified":"2023-09-29T12:38:55","modified_gmt":"2023-09-29T10:38:55","slug":"arquitectura","status":"publish","type":"page","link":"https:\/\/arkreaarquitectura.com\/index.php\/arquitectura\/","title":{"rendered":"Arquitectura"},"content":{"rendered":"<section class=\"wpb-content-wrapper\"><p>[vc_row force_equal_height_columns=\u00bbno\u00bb][vc_column width=\u00bb1\/6&#8243;][\/vc_column][vc_column width=\u00bb2\/3&#8243;]<div class=\"ult-spacer spacer-6a0958e4d2025\" data-id=\"6a0958e4d2025\" data-height=\"60\" data-height-mobile=\"40\" data-height-tab=\"60\" data-height-tab-portrait=\"\" data-height-mobile-landscape=\"\" style=\"clear:both;display:block;\"><\/div><div class=\"dfd-heading-shortcode\"><div class=\"dfd-heading-module-wrap arquitectura text-center style_01 dfd-heading-6a0958e4d2084 dfd-enable-resposive-headings\" id=\"dfd-heading-6a0958e4d2084\" ><div class=\"inline-block\"><div class=\"dfd-heading-module\"><h3 class=\"widget-title dfd-title \" style=\"color: #5b5b5b !important; \">Arkrea Servicios de Arquitectura es una empresa de servicios de arquitectura cuya misi\u00f3n es ofrecer soluciones integrales de arquitectura para la construcci\u00f3n y edificaci\u00f3n, tanto en el sector de la obra nueva como en la rehabilitaci\u00f3n.<\/h3><\/div><\/div><\/div><script type=\"text\/javascript\">\n\t\t\t\t\t\t\t\t\t(function($) {\n\t\t\t\t\t\t\t\t\t\t$(\"head\").append(\"<style>.dfd-heading-6a0958e4d2084.dfd-heading-module-wrap .dfd-heading-module .dfd-heading-delimiter {margin-top:10px;margin-bottom:10px;}<\/style>\");\n\t\t\t\t\t\t\t\t\t})(jQuery);\n\t\t\t\t\t\t\t\t<\/script><\/div><div class=\"ult-spacer spacer-6a0958e4d212e\" data-id=\"6a0958e4d212e\" data-height=\"45\" data-height-mobile=\"25\" data-height-tab=\"35\" data-height-tab-portrait=\"\" data-height-mobile-landscape=\"\" style=\"clear:both;display:block;\"><\/div>[\/vc_column][vc_column width=\u00bb1\/6&#8243;][\/vc_column][\/vc_row][vc_row][vc_column width=\u00bb1\/4&#8243;][vc_single_image image=\u00bb18597&#8243; img_size=\u00bb200&#215;231&#8243; alignment=\u00bbcenter\u00bb style=\u00bbvc_box_rounded\u00bb onclick=\u00bbcustom_link\u00bb link=\u00bbhttps:\/\/arkreaarquitectura.com\/index.php\/arquitectura\/edificios-singulares-2\/\u00bb]<div class=\"ult-spacer spacer-6a0958e4d213a\" data-id=\"6a0958e4d213a\" data-height=\"20\" data-height-mobile=\"20\" data-height-tab=\"20\" data-height-tab-portrait=\"\" data-height-mobile-landscape=\"\" style=\"clear:both;display:block;\"><\/div><div class=\"dfd-heading-shortcode\"><div class=\"dfd-heading-module-wrap  text-center style_01 dfd-heading-6a0958e4d2169 dfd-enable-resposive-headings\" id=\"dfd-heading-6a0958e4d2169\" ><div class=\"inline-block\"><div class=\"dfd-heading-module\"><h5 class=\"widget-title dfd-title \" style=\"font-family:Quicksand; font-weight:300; font-style:normal; font-size: 25px; color: #5b5b5b !important; line-height: 30px; \">EDIFICIOS SINGULARES<\/h5><\/div><\/div><\/div><script type=\"text\/javascript\">\n\t\t\t\t\t\t\t\t\t(function($) {\n\t\t\t\t\t\t\t\t\t\t$(\"head\").append(\"<style>.dfd-heading-6a0958e4d2169.dfd-heading-module-wrap .dfd-heading-module .dfd-heading-delimiter {margin-top:10px;margin-bottom:10px;}<\/style>\");\n\t\t\t\t\t\t\t\t\t})(jQuery);\n\t\t\t\t\t\t\t\t<\/script><\/div><div class=\"ult-spacer spacer-6a0958e4d22a5\" data-id=\"6a0958e4d22a5\" data-height=\"0\" data-height-mobile=\"20\" data-height-tab=\"0\" data-height-tab-portrait=\"\" data-height-mobile-landscape=\"\" style=\"clear:both;display:block;\"><\/div>[\/vc_column][vc_column width=\u00bb1\/4&#8243;][vc_single_image image=\u00bb18599&#8243; img_size=\u00bb200&#215;231&#8243; alignment=\u00bbcenter\u00bb style=\u00bbvc_box_rounded\u00bb onclick=\u00bbcustom_link\u00bb link=\u00bbhttps:\/\/arkreaarquitectura.com\/index.php\/arquitectura\/viviendas-e-interiorismo\/\u00bb]<div class=\"ult-spacer spacer-6a0958e4d22b0\" data-id=\"6a0958e4d22b0\" data-height=\"20\" data-height-mobile=\"20\" data-height-tab=\"20\" data-height-tab-portrait=\"\" data-height-mobile-landscape=\"\" style=\"clear:both;display:block;\"><\/div><div class=\"dfd-heading-shortcode\"><div class=\"dfd-heading-module-wrap  text-center style_01 dfd-heading-6a0958e4d22df dfd-enable-resposive-headings\" id=\"dfd-heading-6a0958e4d22df\" ><div class=\"inline-block\"><div class=\"dfd-heading-module\"><h5 class=\"widget-title dfd-title \" style=\"font-family:Quicksand; font-weight:300; font-style:normal; font-size: 25px; color: #5b5b5b !important; line-height: 30px; \">VIVIENDAS E INTERIORISMO<\/h5><\/div><\/div><\/div><script type=\"text\/javascript\">\n\t\t\t\t\t\t\t\t\t(function($) {\n\t\t\t\t\t\t\t\t\t\t$(\"head\").append(\"<style>.dfd-heading-6a0958e4d22df.dfd-heading-module-wrap .dfd-heading-module .dfd-heading-delimiter {margin-top:10px;margin-bottom:10px;}<\/style>\");\n\t\t\t\t\t\t\t\t\t})(jQuery);\n\t\t\t\t\t\t\t\t<\/script><\/div><div class=\"ult-spacer spacer-6a0958e4d234b\" data-id=\"6a0958e4d234b\" data-height=\"0\" data-height-mobile=\"20\" data-height-tab=\"0\" data-height-tab-portrait=\"\" data-height-mobile-landscape=\"\" style=\"clear:both;display:block;\"><\/div>[\/vc_column][vc_column width=\u00bb1\/4&#8243;][vc_single_image image=\u00bb19201&#8243; img_size=\u00bb200&#215;231&#8243; alignment=\u00bbcenter\u00bb style=\u00bbvc_box_rounded\u00bb onclick=\u00bbcustom_link\u00bb link=\u00bbhttps:\/\/arkreaarquitectura.com\/index.php\/gestion-de-ayudas-y-subvenciones\/rehabilitacion-energetica-ayudas\/\u00bb]<div class=\"ult-spacer spacer-6a0958e4d2354\" data-id=\"6a0958e4d2354\" data-height=\"20\" data-height-mobile=\"20\" data-height-tab=\"20\" data-height-tab-portrait=\"\" data-height-mobile-landscape=\"\" style=\"clear:both;display:block;\"><\/div><div class=\"dfd-heading-shortcode\"><div class=\"dfd-heading-module-wrap  text-center style_01 dfd-heading-6a0958e4d237e dfd-enable-resposive-headings\" id=\"dfd-heading-6a0958e4d237e\" ><div class=\"inline-block\"><div class=\"dfd-heading-module\"><h5 class=\"widget-title dfd-title \" style=\"font-family:Quicksand; font-weight:300; font-style:normal; font-size: 25px; color: #5b5b5b !important; line-height: 30px; \">REHABILITACI\u00d3N ENERG\u00c9TICA (AYUDAS)<\/h5><\/div><\/div><\/div><script type=\"text\/javascript\">\n\t\t\t\t\t\t\t\t\t(function($) {\n\t\t\t\t\t\t\t\t\t\t$(\"head\").append(\"<style>.dfd-heading-6a0958e4d237e.dfd-heading-module-wrap .dfd-heading-module .dfd-heading-delimiter {margin-top:10px;margin-bottom:10px;}<\/style>\");\n\t\t\t\t\t\t\t\t\t})(jQuery);\n\t\t\t\t\t\t\t\t<\/script><\/div><div class=\"ult-spacer spacer-6a0958e4d23e3\" data-id=\"6a0958e4d23e3\" data-height=\"0\" data-height-mobile=\"20\" data-height-tab=\"0\" data-height-tab-portrait=\"\" data-height-mobile-landscape=\"\" style=\"clear:both;display:block;\"><\/div>[\/vc_column][vc_column width=\u00bb1\/4&#8243;][vc_single_image image=\u00bb19203&#8243; img_size=\u00bb200&#215;231&#8243; alignment=\u00bbcenter\u00bb style=\u00bbvc_box_rounded\u00bb onclick=\u00bbcustom_link\u00bb link=\u00bbhttps:\/\/arkreaarquitectura.com\/index.php\/comunidades-administracion-fincas\/accesibilidad-2\/\u00bb]<div class=\"ult-spacer spacer-6a0958e4d23eb\" data-id=\"6a0958e4d23eb\" data-height=\"20\" data-height-mobile=\"20\" data-height-tab=\"20\" data-height-tab-portrait=\"\" data-height-mobile-landscape=\"\" style=\"clear:both;display:block;\"><\/div><div class=\"dfd-heading-shortcode\"><div class=\"dfd-heading-module-wrap  text-center style_01 dfd-heading-6a0958e4d2414 dfd-enable-resposive-headings\" id=\"dfd-heading-6a0958e4d2414\" ><div class=\"inline-block\"><div class=\"dfd-heading-module\"><h5 class=\"widget-title dfd-title \" style=\"font-family:Quicksand; font-weight:300; font-style:normal; font-size: 25px; color: #5b5b5b !important; line-height: 30px; \">ACCESIBILIDAD<\/h5><\/div><\/div><\/div><script type=\"text\/javascript\">\n\t\t\t\t\t\t\t\t\t(function($) {\n\t\t\t\t\t\t\t\t\t\t$(\"head\").append(\"<style>.dfd-heading-6a0958e4d2414.dfd-heading-module-wrap .dfd-heading-module .dfd-heading-delimiter {margin-top:10px;margin-bottom:10px;}<\/style>\");\n\t\t\t\t\t\t\t\t\t})(jQuery);\n\t\t\t\t\t\t\t\t<\/script><\/div><div class=\"ult-spacer spacer-6a0958e4d2477\" data-id=\"6a0958e4d2477\" data-height=\"0\" data-height-mobile=\"20\" data-height-tab=\"0\" data-height-tab-portrait=\"\" data-height-mobile-landscape=\"\" style=\"clear:both;display:block;\"><\/div>[\/vc_column][\/vc_row]<\/p>\n<\/section>","protected":false},"excerpt":{"rendered":"<p>[vc_row force_equal_height_columns=\u00bbno\u00bb][vc_column width=\u00bb1\/6&#8243;][\/vc_column][vc_column width=\u00bb2\/3&#8243;][\/vc_column][vc_column width=\u00bb1\/6&#8243;][\/vc_column][\/vc_row][vc_row][vc_column width=\u00bb1\/4&#8243;][vc_single_image image=\u00bb18597&#8243; img_size=\u00bb200&#215;231&#8243; alignment=\u00bbcenter\u00bb style=\u00bbvc_box_rounded\u00bb onclick=\u00bbcustom_link\u00bb link=\u00bbhttps:\/\/arkreaarquitectura.com\/index.php\/arquitectura\/edificios-singulares-2\/\u00bb][\/vc_column][vc_column width=\u00bb1\/4&#8243;][vc_single_image image=\u00bb18599&#8243; img_size=\u00bb200&#215;231&#8243; alignment=\u00bbcenter\u00bb style=\u00bbvc_box_rounded\u00bb onclick=\u00bbcustom_link\u00bb link=\u00bbhttps:\/\/arkreaarquitectura.com\/index.php\/arquitectura\/viviendas-e-interiorismo\/\u00bb][\/vc_column][vc_column width=\u00bb1\/4&#8243;][vc_single_image image=\u00bb19201&#8243; img_size=\u00bb200&#215;231&#8243; alignment=\u00bbcenter\u00bb style=\u00bbvc_box_rounded\u00bb onclick=\u00bbcustom_link\u00bb link=\u00bbhttps:\/\/arkreaarquitectura.com\/index.php\/gestion-de-ayudas-y-subvenciones\/rehabilitacion-energetica-ayudas\/\u00bb][\/vc_column][vc_column width=\u00bb1\/4&#8243;][vc_single_image image=\u00bb19203&#8243; img_size=\u00bb200&#215;231&#8243; alignment=\u00bbcenter\u00bb<\/p>\n","protected":false},"author":1,"featured_media":0,"parent":0,"menu_order":0,"comment_status":"open","ping_status":"closed","template":"page-custom-with-header.php","meta":{"_mi_skip_tracking":false,"_monsterinsights_sitenote_active":false,"_monsterinsights_sitenote_note":"","_monsterinsights_sitenote_category":0,"footnotes":""},"acf":[],"yoast_head":"<!-- This site is optimized with the Yoast SEO plugin v21.1 - https:\/\/yoast.com\/wordpress\/plugins\/seo\/ -->\n<title>Arquitectura - Akrea Servicios de Arquitectura<\/title>\n<meta name=\"robots\" content=\"index, follow, max-snippet:-1, max-image-preview:large, max-video-preview:-1\" \/>\n<link rel=\"canonical\" href=\"https:\/\/arkreaarquitectura.com\/index.php\/arquitectura\/\" \/>\n<meta property=\"og:locale\" content=\"es_ES\" \/>\n<meta property=\"og:type\" content=\"article\" \/>\n<meta property=\"og:title\" content=\"Arquitectura - Akrea Servicios de Arquitectura\" \/>\n<meta property=\"og:description\" content=\"[vc_row force_equal_height_columns=\u00bbno\u00bb][vc_column width=\u00bb1\/6&#8243;][\/vc_column][vc_column width=\u00bb2\/3&#8243;][\/vc_column][vc_column width=\u00bb1\/6&#8243;][\/vc_column][\/vc_row][vc_row][vc_column width=\u00bb1\/4&#8243;][vc_single_image image=\u00bb18597&#8243; img_size=\u00bb200&#215;231&#8243; alignment=\u00bbcenter\u00bb style=\u00bbvc_box_rounded\u00bb onclick=\u00bbcustom_link\u00bb link=\u00bbhttps:\/\/arkreaarquitectura.com\/index.php\/arquitectura\/edificios-singulares-2\/\u00bb][\/vc_column][vc_column width=\u00bb1\/4&#8243;][vc_single_image image=\u00bb18599&#8243; img_size=\u00bb200&#215;231&#8243; alignment=\u00bbcenter\u00bb style=\u00bbvc_box_rounded\u00bb onclick=\u00bbcustom_link\u00bb link=\u00bbhttps:\/\/arkreaarquitectura.com\/index.php\/arquitectura\/viviendas-e-interiorismo\/\u00bb][\/vc_column][vc_column width=\u00bb1\/4&#8243;][vc_single_image image=\u00bb19201&#8243; img_size=\u00bb200&#215;231&#8243; alignment=\u00bbcenter\u00bb style=\u00bbvc_box_rounded\u00bb onclick=\u00bbcustom_link\u00bb link=\u00bbhttps:\/\/arkreaarquitectura.com\/index.php\/gestion-de-ayudas-y-subvenciones\/rehabilitacion-energetica-ayudas\/\u00bb][\/vc_column][vc_column width=\u00bb1\/4&#8243;][vc_single_image image=\u00bb19203&#8243; img_size=\u00bb200&#215;231&#8243; alignment=\u00bbcenter\u00bb\" \/>\n<meta property=\"og:url\" content=\"https:\/\/arkreaarquitectura.com\/index.php\/arquitectura\/\" \/>\n<meta property=\"og:site_name\" content=\"Akrea Servicios de Arquitectura\" \/>\n<meta property=\"article:modified_time\" content=\"2023-09-29T10:38:55+00:00\" \/>\n<meta name=\"twitter:card\" content=\"summary_large_image\" \/>\n<meta name=\"twitter:label1\" content=\"Tiempo de lectura\" \/>\n\t<meta name=\"twitter:data1\" content=\"1 minuto\" \/>\n<script type=\"application\/ld+json\" class=\"yoast-schema-graph\">{\"@context\":\"https:\/\/schema.org\",\"@graph\":[{\"@type\":\"WebPage\",\"@id\":\"https:\/\/arkreaarquitectura.com\/index.php\/arquitectura\/\",\"url\":\"https:\/\/arkreaarquitectura.com\/index.php\/arquitectura\/\",\"name\":\"Arquitectura - Akrea Servicios de Arquitectura\",\"isPartOf\":{\"@id\":\"https:\/\/arkreaarquitectura.com\/#website\"},\"datePublished\":\"2017-06-13T09:07:04+00:00\",\"dateModified\":\"2023-09-29T10:38:55+00:00\",\"breadcrumb\":{\"@id\":\"https:\/\/arkreaarquitectura.com\/index.php\/arquitectura\/#breadcrumb\"},\"inLanguage\":\"es\",\"potentialAction\":[{\"@type\":\"ReadAction\",\"target\":[\"https:\/\/arkreaarquitectura.com\/index.php\/arquitectura\/\"]}]},{\"@type\":\"BreadcrumbList\",\"@id\":\"https:\/\/arkreaarquitectura.com\/index.php\/arquitectura\/#breadcrumb\",\"itemListElement\":[{\"@type\":\"ListItem\",\"position\":1,\"name\":\"Portada\",\"item\":\"https:\/\/arkreaarquitectura.com\/\"},{\"@type\":\"ListItem\",\"position\":2,\"name\":\"Arquitectura\"}]},{\"@type\":\"WebSite\",\"@id\":\"https:\/\/arkreaarquitectura.com\/#website\",\"url\":\"https:\/\/arkreaarquitectura.com\/\",\"name\":\"Akrea Servicios de Arquitectura\",\"description\":\"Arquitectos\",\"potentialAction\":[{\"@type\":\"SearchAction\",\"target\":{\"@type\":\"EntryPoint\",\"urlTemplate\":\"https:\/\/arkreaarquitectura.com\/?s={search_term_string}\"},\"query-input\":\"required name=search_term_string\"}],\"inLanguage\":\"es\"}]}<\/script>\n<!-- \/ Yoast SEO plugin. -->","yoast_head_json":{"title":"Arquitectura - Akrea Servicios de Arquitectura","robots":{"index":"index","follow":"follow","max-snippet":"max-snippet:-1","max-image-preview":"max-image-preview:large","max-video-preview":"max-video-preview:-1"},"canonical":"https:\/\/arkreaarquitectura.com\/index.php\/arquitectura\/","og_locale":"es_ES","og_type":"article","og_title":"Arquitectura - Akrea Servicios de Arquitectura","og_description":"[vc_row force_equal_height_columns=\u00bbno\u00bb][vc_column width=\u00bb1\/6&#8243;][\/vc_column][vc_column width=\u00bb2\/3&#8243;][\/vc_column][vc_column width=\u00bb1\/6&#8243;][\/vc_column][\/vc_row][vc_row][vc_column width=\u00bb1\/4&#8243;][vc_single_image image=\u00bb18597&#8243; img_size=\u00bb200&#215;231&#8243; alignment=\u00bbcenter\u00bb style=\u00bbvc_box_rounded\u00bb onclick=\u00bbcustom_link\u00bb link=\u00bbhttps:\/\/arkreaarquitectura.com\/index.php\/arquitectura\/edificios-singulares-2\/\u00bb][\/vc_column][vc_column width=\u00bb1\/4&#8243;][vc_single_image image=\u00bb18599&#8243; img_size=\u00bb200&#215;231&#8243; alignment=\u00bbcenter\u00bb style=\u00bbvc_box_rounded\u00bb onclick=\u00bbcustom_link\u00bb link=\u00bbhttps:\/\/arkreaarquitectura.com\/index.php\/arquitectura\/viviendas-e-interiorismo\/\u00bb][\/vc_column][vc_column width=\u00bb1\/4&#8243;][vc_single_image image=\u00bb19201&#8243; img_size=\u00bb200&#215;231&#8243; alignment=\u00bbcenter\u00bb style=\u00bbvc_box_rounded\u00bb onclick=\u00bbcustom_link\u00bb link=\u00bbhttps:\/\/arkreaarquitectura.com\/index.php\/gestion-de-ayudas-y-subvenciones\/rehabilitacion-energetica-ayudas\/\u00bb][\/vc_column][vc_column width=\u00bb1\/4&#8243;][vc_single_image image=\u00bb19203&#8243; img_size=\u00bb200&#215;231&#8243; alignment=\u00bbcenter\u00bb","og_url":"https:\/\/arkreaarquitectura.com\/index.php\/arquitectura\/","og_site_name":"Akrea Servicios de Arquitectura","article_modified_time":"2023-09-29T10:38:55+00:00","twitter_card":"summary_large_image","twitter_misc":{"Tiempo de lectura":"1 minuto"},"schema":{"@context":"https:\/\/schema.org","@graph":[{"@type":"WebPage","@id":"https:\/\/arkreaarquitectura.com\/index.php\/arquitectura\/","url":"https:\/\/arkreaarquitectura.com\/index.php\/arquitectura\/","name":"Arquitectura - Akrea Servicios de Arquitectura","isPartOf":{"@id":"https:\/\/arkreaarquitectura.com\/#website"},"datePublished":"2017-06-13T09:07:04+00:00","dateModified":"2023-09-29T10:38:55+00:00","breadcrumb":{"@id":"https:\/\/arkreaarquitectura.com\/index.php\/arquitectura\/#breadcrumb"},"inLanguage":"es","potentialAction":[{"@type":"ReadAction","target":["https:\/\/arkreaarquitectura.com\/index.php\/arquitectura\/"]}]},{"@type":"BreadcrumbList","@id":"https:\/\/arkreaarquitectura.com\/index.php\/arquitectura\/#breadcrumb","itemListElement":[{"@type":"ListItem","position":1,"name":"Portada","item":"https:\/\/arkreaarquitectura.com\/"},{"@type":"ListItem","position":2,"name":"Arquitectura"}]},{"@type":"WebSite","@id":"https:\/\/arkreaarquitectura.com\/#website","url":"https:\/\/arkreaarquitectura.com\/","name":"Akrea Servicios de Arquitectura","description":"Arquitectos","potentialAction":[{"@type":"SearchAction","target":{"@type":"EntryPoint","urlTemplate":"https:\/\/arkreaarquitectura.com\/?s={search_term_string}"},"query-input":"required name=search_term_string"}],"inLanguage":"es"}]}},"_links":{"self":[{"href":"https:\/\/arkreaarquitectura.com\/index.php\/wp-json\/wp\/v2\/pages\/17963"}],"collection":[{"href":"https:\/\/arkreaarquitectura.com\/index.php\/wp-json\/wp\/v2\/pages"}],"about":[{"href":"https:\/\/arkreaarquitectura.com\/index.php\/wp-json\/wp\/v2\/types\/page"}],"author":[{"embeddable":true,"href":"https:\/\/arkreaarquitectura.com\/index.php\/wp-json\/wp\/v2\/users\/1"}],"replies":[{"embeddable":true,"href":"https:\/\/arkreaarquitectura.com\/index.php\/wp-json\/wp\/v2\/comments?post=17963"}],"version-history":[{"count":71,"href":"https:\/\/arkreaarquitectura.com\/index.php\/wp-json\/wp\/v2\/pages\/17963\/revisions"}],"predecessor-version":[{"id":19246,"href":"https:\/\/arkreaarquitectura.com\/index.php\/wp-json\/wp\/v2\/pages\/17963\/revisions\/19246"}],"wp:attachment":[{"href":"https:\/\/arkreaarquitectura.com\/index.php\/wp-json\/wp\/v2\/media?parent=17963"}],"curies":[{"name":"wp","href":"https:\/\/api.w.org\/{rel}","templated":true}]}}